2
In base 9, what is 3 + -6557346?
-6557343
In base 13, what is -224 + 388c?
3668
In base 3, what is -11112101221010 - 12220?
-11112102011000
In base 2, what is -110101101100000110 + 111101?
-110101101011001001
In base 12, what is 535 - -336920?
337255
In base 2, what is 1101111010111111000101100 + -11?
1101111010111111000101001
In base 12, what is 96bab + 382?
97371
In base 6, what is -3 + 40323235?
40323232
In base 11, what is -92634a - -a?
-926340
In base 12, what is -5299261b - -3?
-52992618
In base 13, what is 5 - 447902?
-4478ca
In base 13, what is -5c + -79208?
-79267
In base 10, what is 1 + 23613736?
23613737
In base 13, what is 58 - -c1913?
c196b
In base 8, what is -730123 - -515?
-727406
In base 9, what is 5 + 6805772?
6805777
In base 13, what is -77 + -3ca06?
-3ca80
In base 12, what is -10561 + 216?
-10347
In base 10, what is -441179 - 971?
-442150
In base 11, what is 165 + 51078a?
510944
In base 12, what is -623b - 1540a?
-1b649
In base 3, what is 1220 - 100220210211022?
-100220210202102
In base 12, what is -54753 - 1a74?
-56607
In base 9, what is -20 - -6288236?
6288216
In base 10, what is 68920093 + -4?
68920089
In base 2, what is 11100110100 + 110101101110?
1010010100010
In base 7, what is -646635630 - 13?
-646635643
In base 4, what is 101300222 - 323?
101233233
In base 8, what is 1071 - 7542?
-6451
In base 9, what is 3042 - 12301?
-8248
In base 15, what is -369 - -2054?
1bda
In base 15, what is a35c9 + -11?
a35b8
In base 6, what is 120405 + 51341?
212150
In base 12, what is -1196 + 1a6?
-bb0
In base 16, what is 16ef9c + b8?
16f054
In base 15, what is 6c8ea68 - b?
6c8ea5c
In base 3, what is -10022121212210100 - 0?
-10022121212210100
In base 2, what is 1000000111110011 - -11101111000?
1000100101101011
In base 14, what is 863c + 951?
918d
In base 15, what is 2 + 5cd3c71?
5cd3c73
In base 13, what is -59523 - 16?
-59539
In base 7, what is -14 + -463602112?
-463602126
In base 9, what is 468 - 304217?
-303638
In base 3, what is -12 + -2101212211010100?
-2101212211010112
In base 16, what is -4e8da0 - -4?
-4e8d9c
In base 8, what is -160353006 - 3?
-160353011
In base 16, what is -1 + 5ef433?
5ef432
In base 15, what is 6e62 - 713?
674e
In base 12, what is 6a951 - -2a?
6a97b
In base 12, what is 217 - 60b68?
-60951
In base 8, what is -105760530 - -3?
-105760525
In base 12, what is 240a6 - -4?
240aa
In base 9, what is 835737 - 157?
835570
In base 12, what is 6558064 + 0?
6558064
In base 11, what is 7783606 + -1?
7783605
In base 13, what is 231 + -5b96?
-5965
In base 9, what is -1666 - 55880?
-57656
In base 12, what is -5 - -450688?
450683
In base 10, what is -4 - 20926124?
-20926128
In base 6, what is -5 + -10433155420?
-10433155425
In base 15, what is 90c0 - 776?
8849
In base 6, what is -140253 - -21215?
-115034
In base 11, what is -9a3299 - -7?
-9a3292
In base 15, what is 1534154 - c?
1534147
In base 8, what is -47 + -163432?
-163501
In base 5, what is -1 + 10011240?
10011234
In base 15, what is 8a5 - -48a3?
5258
In base 16, what is 1 - f3a8b4?
-f3a8b3
In base 3, what is -10122220212 + 201?
-10122220011
In base 14, what is 23d7cd + 20?
23d80d
In base 13, what is 21b8563 + -67?
21b84c9
In base 6, what is -500030 - 134?
-500204
In base 14, what is 6d8841 + -7?
6d8838
In base 10, what is -78257 + 625?
-77632
In base 16, what is 1b - 1f9782?
-1f9767
In base 5, what is 23030 + 42103?
120133
In base 3, what is 12 + 101101201222201211?
101101201222202000
In base 16, what is 25fc062 - 1?
25fc061
In base 10, what is 1 - -1076346?
1076347
In base 2, what is -101 + 1110001100010001010?
1110001100010000101
In base 16, what is 5 + -889559?
-889554
In base 9, what is 6774 - 22156?
-14272
In base 13, what is -326376 - 44c?
-3267c5
In base 11, what is 336 + 13873a?
138a75
In base 2, what is -10011 - -11000110100110100110001?
11000110100110100011110
In base 9, what is -5 - 11341261?
-11341266
In base 16, what is 156274c + 5?
1562751
In base 8, what is -5124227 - -57?
-5124150
In base 14, what is 5 + 349d79?
349d80
In base 16, what is -79d + -e05?
-15a2
In base 15, what is 2aec - -16c?
2c69
In base 7, what is 60606555 - -1?
60606556
In base 4, what is -31013 + 11320000?
11222321
In base 6, what is 12053 + 1144254?
1200351
In base 13, what is -249547 + -32?
-249579
In base 15, what is 11 + -486324?
-486313
In base 9, what is -3 - 85321287?
-85321301
In base 3, what is 201212100 + -12001100?
112211000
In base 8, what is 2436635015 - -4?
2436635021
In base 13, what is -1514c1 - 15?
-151506
In base 7, what is 550 + -125652?
-125102
In base 14, what is d3884 - 22?
d3862
In base 13, what is -4622 + 642?
-3cb0
In base 16, what is 15 + 1f21dab?
1f21dc0
In base 10, what is 1485966 - 10?
1485956
In base 6, what is -31 + 352155?
352124
In base 3, what is 0 + -121220200000211002?
-121220200000211002
In base 9, what is -4267315 - -42?
-4267263
In base 16, what is -1e29dc + 29?
-1e29b3
In base 2, what is -101100000001010010000 - 110001?
-101100000001011000001
In base 12, what is 120911 + 1?
120912
In base 6, what is 144 + -150222252?
-150222104
In base 12, what is -81141414 + 2?
-81141412
In base 2, what is 10010111111 - -101110011?
11000110010
In base 13, what is 585a338 + 1?
585a339
In base 16, what is 3b8 - -9bf4?
9fac
In base 5, what is 1024040 + 230011?
1304101
In base 5, what is -14231321 + -32134?
-14314010
In base 13, what is -3 + -23ca151?
-23ca154
In base 13, what is 13 + 6a0485?
6a0498
In base 2, what is -100100 + 1011011111011011111?
1011011111010111011
In base 15, what is 17 + -583275?
-58325d
In base 13, what is -2a1c4 - 557?
-2a74b
In base 6, what is -12225242 + -2402?
-12232044
In base 13, what is bb67 - -b14?
c97b
In base 4, what is 101 + -11132111110?
-11132111003
In base 15, what is 7cdb31ea - -5?
7cdb3200
In base 15, what is ac3 - 191a?
-d47
In base 15, what is 23 - -484ed?
48521
In base 5, what is 2 - 400344213?
-400344211
In base 5, what is 30213 + -1302234?
-1222021
In base 10, what is -477130 - 17?
-477147
In base 5, what is 121313101200 + -4?
121313101141
In base 16, what is 8fe65 + 173?
8ffd8
In base 11, what is -39669 - -93?
-39586
In base 4, what is -221110032121 - 2?
-221110032123
In base 14, what is a + 143b360?
143b36a
In base 12, what is -10 - -3021378?
3021368
In base 10, what is 64 - 12156?
-12092
In base 2, what is -11 - 1111001100111110111101?
-1111001100111111000000
In base 5, what is 13342 - -40434113?
41003010
In base 16, what is 855f - 290?
82cf
In base 11, what is -2 - -5866a?
58668
In base 15, what is -11 + -63927cc?
-63927dd
In base 13, what is -1 + -bb6b35?
-bb6b36
In base 6, what is 2124312 - -34522?
2203234
In base 13, what is 1a + -10666c?
-106652
In base 12, what is -59 - -143640?
1435a3
In base 16, what is 5 - -bb8ee?
bb8f3
In base 5, what is 132 + 141233100?
141233232
In base 2, what is 11001100100011 + 100101?
11001101001000
In base 3, what is -200 + 10222210122100?
10222210121200
In base 9, what is 120354684 + -4?
120354680
In base 8, what is -2166254 - -10?
-2166244
In base 7, what is 53 - 13456252?
-13456166
In base 14, what is 4c98a10 + -4?
4c98a0a
In base 11, what is -167 - 537057?
-537213
In base 15, what is -d6 - -1975?
188e
In base 7, what is -10662542665 - -5?
-10662542660
In base 9, what is 1438325307 + 5?
1438325313
In base 5, what is 42111 + -30003202?
-24411041
In base 2, what is 10100111000010000101000000111 + 0?
10100111000010000101000000111
In base 2, what is 1010111101010101100000110010 + 10?
1010111101010101100000110100
In base 4, what is -112021232322113 + -10?
-112021232322123
In base 2, what is 100011011 - -10011001100111111100?
10011001101100010111
In base 16, what is -fa19675 - 3?
-fa19678
In base 14, what is -987 - 24906?
-2548d
In base 7, what is -130 + -656520?
-656650
In base 12, what is -5 - 157a6b63?
-157a6b68
In base 14, what is 5a250 - 1a96?
58598
In base 3, what is 12002112 - -10021202?
22101021
In base 8, what is -43434 - -26416?
-15016
In base 2, what is 100 - 1001011001011011101001010?
-1001011001011011101000110
In base 8, what is 3241706 - 200?
3241506
In base 14, what is -143bc4 - b?
-143bd1
In base 6, what is 405 - 21505231?
-21504422
In base 2, what is -1001010011011001 - -11111111100101?
-101010011110100
In base 16, what is -7 + -18b815?
-18b81c
In base 3, what is -10020012121